l(q) = 32*q**2 + 517*q + 518. Calculate l(-1).
33
Let m(f) = -f**3 - 27*f**2 - 83*f + 56. Determine m(-22).
-538
Let a(s) = -1178*s + 80098. Calculate a(68).
-6
Let w(f) = 38*f**3 + 4*f**2 - 3*f + 2. What is w(1)?
41
Let g(b) = 4*b**2 + 98*b + 133. Give g(-23).
-5
Let a(f) = -225*f + 4902. Calculate a(22).
-48
Let q(x) = -15*x + 489. Calculate q(34).
-21
Let j(k) = 110*k - 10014. Give j(91).
-4
Let v(w) = -96*w + 770. What is v(8)?
2
Let v(l) = -6326*l + 6317. Calculate v(1).
-9
Let s(t) = 306*t + 2142. Give s(-7).
0
Let o(m) = 3*m**3 - 35*m**2 + 33*m + 52. Determine o(11).
173
Let c(y) = 2*y**2 - 491*y + 9615. Calculate c(224).
-17
Let i(y) = -5*y**2 - 5*y - 4. What is i(5)?
-154
Let r(c) = 293*c - 287. Determine r(1).
6
Let w(v) = 2*v**3 + 7*v**2 + 6*v + 6. Give w(-3).
-3
Let n(c) = -c**3 - 8*c**2 + 28*c + 87. Calculate n(-10).
7
Let u(v) = -12*v**2 + 75*v + 64. Give u(7).
1
Let m(j) = 152*j - 51080. Calculate m(336).
-8
Let j(p) = 52*p**2 - 158*p + 10. Calculate j(3).
4
Let t(s) = 25*s - 3. Determine t(0).
-3
Let o(n) = 60*n + 795. What is o(-13)?
15
Let q(y) = y**3 + 18*y**2 - 25*y - 6. Calculate q(-19).
108
Let o(n) = -n**3 - 3*n**2 - 319*n - 2022. What is o(-6)?
0
Let j(l) = -69*l**2 - 262*l + 25. Give j(-4).
-31
Let a(g) = 3*g + 5. Calculate a(-6).
-13
Let a(v) = 103*v + 3615. Calculate a(-35).
10
Let o(p) = -3*p**3 + 84*p**2 - 275*p - 315. What is o(24)?
-3
Let h(w) = -2*w**3 + 145*w**2 - 89*w + 23010. Calculate h(74).
-4
Let j(n) = -6*n - 288. Give j(22).
-420
Let v(g) = g**3 + 26*g**2 - 56*g - 858. What is v(-27)?
-75
Let y(x) = 2*x**3 + 90*x**2 - x - 16. Calculate y(-45).
29
Let z(l) = 5*l**2 + l + 41. Calculate z(-6).
215
Let j(h) = -h**3 + 7*h**2 + 13*h + 25. Give j(-5).
260
Let s(t) = -t**3 - 27*t**2 + 29*t - 67. Determine s(-28).
-95
Let p(z) = z**3 + 7*z**2 - 26*z + 4. What is p(-11)?
-194
Let v(c) = -9*c**2 + 315*c - 3. What is v(35)?
-3
Let d(b) = b**3 + 8*b**2 - 322*b - 2877. Give d(-17).
-4
Let k(n) = -9*n + 51. Give k(4).
15
Let q(r) = 6*r - 473. What is q(28)?
-305
Let p(l) = -145*l - 8996. Give p(-62).
-6
Let u(r) = -23*r - 588. Determine u(-24).
-36
Let c(h) = -h**2 - 12231*h + 97931. Calculate c(8).
19
Let t(g) = 221*g - 5990. Calculate t(27).
-23
Let w(s) = -421*s**2 + 2520*s + 34. What is w(6)?
-2
Let v(n) = -3*n**2 + 793*n - 1580. What is v(2)?
-6
Let x(s) = -s**3 - 10*s**2 - 118*s - 207. Determine x(-2).
-3
Let y(h) = -h**2 + 1005*h - 14864. Give y(15).
-14
Let v(b) = -60*b + 2884. What is v(48)?
4
Let h(r) = r**2 - 34*r + 192. Give h(23).
-61
Let n(y) = -144*y**3 - 2*y**2 + 45*y - 43. Calculate n(1).
-144
Let j(i) = i**3 - 38*i**2 + 362*i - 83. Determine j(17).
2
Let m(z) = -3*z**2 + 55*z + 107. Give m(20).
7
Let l(k) = -k**3 + 60*k**2 + 63*k - 106. Determine l(61).
16
Let z(s) = s**3 - 15*s**2 + 38*s - 29. Calculate z(13).
127
Let u(s) = 4*s**2 - 111*s - 93. Calculate u(28).
-65
Let p(d) = 9*d**3 - 73*d**2 + 6*d - 4. Determine p(8).
-20
Let c(q) = q**2 - 11*q - 177. What is c(-11)?
65
Let r(y) = 8*y**3 - 4*y**2 + 6*y - 11. Determine r(2).
49
Let c(l) = l**3 + 326*l**2 + 692*l + 14255. What is c(-324)?
-1
Let f(j) = j**3 + 22*j**2 - 7*j - 582. Give f(-21).
6
Let a(w) = -167*w - 2. Give a(-1).
165
Let o(q) = 21*q**2 - 989*q + 117. Determine o(47).
23
Let f(c) = c**3 + 6*c**2 - 46*c + 96. Determine f(-11).
-3
Let u(r) = -r**2 + 53*r - 67. Give u(36).
545
Let c(v) = -v**2 - 19*v + 1124. Determine c(25).
24
Let p(b) = b**2 - 30*b + 148. Calculate p(5).
23
Let i(o) = 16*o**3 + o**2. Determine i(-1).
-15
Let h(y) = -192*y + 384. Give h(2).
0
Let p(d) = 582*d - 119897. Calculate p(206).
-5
Let g(p) = -291*p - 6972. Give g(-24).
12
Let z(k) = 597*k + 56. Determine z(2).
1250
Let y(m) = 245*m + 17416. Determine y(-71).
21
Let k(t) = -t**3 + 10*t**2 - 16*t - 5. Determine k(3).
10
Let n(a) = -10*a + 76. Give n(8).
-4
Let o(s) = s**2 + 58*s + 396. Calculate o(-49).
-45
Let d(c) = 13*c - 26. Determine d(-49).
-663
Let m(z) = 269*z + 3. Give m(-1).
-266
Let q(s) = s**3 - 12*s**2 + 17*s - 7. Give q(5).
-97
Let a(b) = 5*b**2 + 50*b + 116. Give a(-6).
-4
Let p(o) = -o**3 + 5*o**2 + 25*o + 16. Determine p(9).
-83
Let n(f) = 301*f - 21356. What is n(71)?
15
Let b(k) = -k**3 - 4*k**2 - 17*k - 108. Calculate b(-5).
2
Let a(x) = 21*x**3 + x**2 + 6*x - 5. Calculate a(1).
23
Let m(l) = 192*l + 82. Calculate m(-1).
-110
Let c(p) = -p**2 - 11*p + 342. Determine c(-25).
-8
Let z(x) = -7*x**2 + 18*x + 7. Calculate z(-5).
-258
Let s(w) = -217*w - 1139. What is s(-4)?
-271
Let w(u) = -9*u**2 + 137*u - 471. Calculate w(10).
-1
Let l(z) = -z**2 + 98*z - 1780. Calculate l(23).
-55
Let s(q) = q**2 - 36*q - 103. Calculate s(39).
14
Let x(q) = -177*q**2 - 3006*q + 55. What is x(-17)?
4
Let d(i) = -i**2 + 3*i + 137. Give d(13).
7
Let q(h) = 519*h**2 - 55534*h + 113. Determine q(107).
6
Let f(w) = -w**3 - 7*w**2 - 7*w - 49. What is f(-6)?
-43
Let w(q) = -6*q**2 + 31. Give w(3).
-23
Let p(k) = 21*k + 193. Calculate p(-9).
4
Let j(d) = d**3 + 11*d**2 + 5*d + 11. Calculate j(-11).
-44
Let s(m) = m**2 - 22*m - 75. Calculate s(34).
333
Let s(z) = 658*z - 7292. Calculate s(11).
-54
Let o(a) = 4*a**2 + 233*a - 708. What is o(-61)?
-37
Let p(z) = 2*z**2 - 32*z + 63. What is p(14)?
7
Let c(s) = -s**3 - 10*s**2 - 9*s - 15. Determine c(-5).
-95
Let s(v) = -743*v + 149. Give s(1).
-594
Let o(a) = 2*a**3 - 52*a**2 + 24*a - 405. Determine o(26).
219
Let k(p) = -6267*p + 43825. What is k(7)?
-44
Let c(w) = w**2 + 53*w + 266. What is c(-50)?
116
Let y(z) = 5*z + 269. Determine y(-37).
84
Let i(k) = -85*k - 455. Give i(-5).
-30
Let l(s) = -2*s**3 + 87*s**2 - 40*s - 81. Determine l(43).
48
Let x(r) = -25*r**2 + 5*r - 3. What is x(1)?
-23
Let u(l) = l**2 + 8416*l + 50453. Calculate u(-6).
-7
Let h(g) = -146*g**2 + 2483*g - 43. Give h(17).
-26
Let p(r) = -2*r**2 - 7*r - 28. Determine p(-7).
-77
Let t(r) = r**2 - 14*r - 44. What is t(-15)?
391
Let w(u) = -4*u**2 - 16*u + 116. Calculate w(5).
-64
Let k(w) = -2*w**2 + 61*w - 33. Determine k(29).
54
Let y(v) = 6*v**2 + 105*v + 58. What is y(-17)?
7
Let j(m) = -6*m**2 - 149*m - 879. Give j(-15).
6
Let f(h) = -h**3 - 16*h**2 - 12*h + 58. What is f(-14)?
-166
Let i(c) = -79*c - 3401. What is i(-43)?
-4
Let x(z) = z**3 - 39*z**2 - 122*z - 135. Give x(42).
33
Let t(r) = -290*r - 12458. What is t(-43)?
12
Let p(t) = 3*t**2 - 40*t - 175. Calculate p(20).
225
Let o(z) = -1561*z + 6243. Calculate o(4).
-1
Let h(t) = -2*t**2 - 202*t - 2148. Determine h(-12).
-12
Let l(o) = 22*o + 174. Calculate l(-10).
-46
Let t(h) = 2*h**3 - 22*h**2 + 9*h + 16. Determine t(10).
-94
Let l(j) = 55*j + 191. Give l(-3).
26
Let z(t) = -48*t + 4728. Determine z(99).
-24
Let z(h) = 5*h**3 - h**2 - 11*h - 19. Determine z(-2).
-41
Let d(k) = -290*k - 1858. Give d(-6).
-118
Let i(w) = 45*w + 327. Determine i(-7).
12
Let h(d) = 279*d - 12562. Determine h(45).
-7
Let v(b) = 830*b + 107062. Calculate v(-129).
-8
Let j(r) = 3*r**2 - 7*r - 235. Calculate j(-11).
205
Let m(d) = d**3 - 2*d**2 + 12*d + 46. What is m(0)?
46
Let v(b) = -32*b**2 - 155*b + 57. Determine v(-5).
32
Let d(i) = -2*i**2 - 24*i - 2. What is d(-6)?
70
Let r(a) = 787*a - 13357. Give r(17).
22
Let i(q) = -52*q - 1299. Determine i(-21).
-207
Let s(r) = 6*r**2 + 170*r + 643. Determine s(-24).
19
Let p(s) = -2*s**2 + 28*s + 12. Give p(14).
12
Let v(y) = -33*y + 30. Give v(6).
-168
Let s(a) = 33*a - 185. Calculate s(10).
145
Let v(c) = 8*c**2 + 85*c + 8. Determine v(-11).
41
Let k(p) = -p**3 - 64*p**2 - 27*p - 979. Determine k(-64).
749
Let h(y) = y**3 - 105*y**2 + 2*y - 200. What is h(105)?
10
Let f(v) = 2*v**3 - 45*v**2 + 65*v - 45. Give f(21).
-3
Let i(v) = -3*v**2 - 142*v + 10. Calculate i(-45).
325
Let y(x) = -17*x**3 + 800*x**2 - 43*x - 196. What is y(47)?
-8
Let z(j) = 490*j - 1360. Determine z(3).
110
Let c(u) = -u**3 + 9*u**2 + 34*u + 26. What is c(12)?
2
Let h(f) = 3*f**2 + 197*f - 3913. Determine h(16).
7
Let m(u) = -121*u**3 - 5*u**2 + 6*u + 11. What is m(-1)?
121
Let j(p) = p**3 - p**2 - 39*p + 2. What is j(-9)?
-457
Let v(w) = 5*w**2 - 20*w + 1. What is v(5)?
26
Let w(x) = -42*x - 767. Give w(-20).
73
Let c(l) = -78*l + 1275. Give c(16).
27
Let r(a) = a**2 + 39*a - 55. What is r(-42)?
71
Let l(c) = 15*c + 1910. What is l(-127)?
5
Let d(y) = -79*y + 1041. Give d(20).
-539
Let a(r) = 